ors of 27536?
2, 1721
List the prime factors of 72.
2, 3
What are the prime factors of 2036?
2, 509
What are the prime factors of 4946?
2, 2473
List the prime factors of 2365.
5, 11, 43
List the prime factors of 3024.
2, 3, 7
List the prime factors of 3027.
3, 1009
List the prime factors of 3714.
2, 3, 619
List the prime factors of 16548.
2, 3, 7, 197
What are the prime factors of 434?
2, 7, 31
What are the prime factors of 52169?
13, 4013
List the prime factors of 36812.
2, 9203
What are the prime factors of 46142?
2, 23071
List the prime factors of 25071.
3, 61, 137
What are the prime factors of 510?
2, 3, 5, 17
What are the prime factors of 93198?
2, 3, 7, 317
List the prime factors of 1962.
2, 3, 109
List the prime factors of 13771.
47, 293
List the prime factors of 611.
13, 47
List the prime factors of 3364.
2, 29
List the prime factors of 25857.
3, 13, 17
List the prime factors of 11564.
2, 7, 59
List the prime factors of 13312.
2, 13
What are the prime factors of 1928?
2, 241
List the prime factors of 8641.
8641
What are the prime factors of 335?
5, 67
What are the prime factors of 131?
131
What are the prime factors of 978?
2, 3, 163
List the prime factors of 1574.
2, 787
What are the prime factors of 59926?
2, 19, 83
What are the prime factors of 2017?
2017
What are the prime factors of 473?
11, 43
List the prime factors of 7327.
17, 431
What are the prime factors of 2157?
3, 719
What are the prime factors of 31665?
3, 5, 2111
List the prime factors of 41679.
3, 11, 421
List the prime factors of 4757.
67, 71
List the prime factors of 590.
2, 5, 59
What are the prime factors of 230?
2, 5, 23
List the prime factors of 885.
3, 5, 59
What are the prime factors of 564?
2, 3, 47
List the prime factors of 121571.
121571
What are the prime factors of 5333?
5333
What are the prime factors of 114302?
2, 67, 853
What are the prime factors of 1694?
2, 7, 11
What are the prime factors of 204?
2, 3, 17
What are the prime factors of 5204?
2, 1301
List the prime factors of 11594.
2, 11, 17, 31
List the prime factors of 84532.
2, 7, 3019
What are the prime factors of 1480?
2, 5, 37
List the prime factors of 316.
2, 79
What are the prime factors of 986?
2, 17, 29
What are the prime factors of 3106?
2, 1553
What are the prime factors of 38?
2, 19
List the prime factors of 16624.
2, 1039
What are the prime factors of 1001?
7, 11, 13
What are the prime factors of 10645?
5, 2129
What are the prime factors of 41087?
181, 227
What are the prime factors of 50092?
2, 7, 1789
What are the prime factors of 5520?
2, 3, 5, 23
List the prime factors of 1451.
1451
What are the prime factors of 7902?
2, 3, 439
List the prime factors of 3472.
2, 7, 31
What are the prime factors of 68278?
2, 7, 4877
What are the prime factors of 17177?
89, 193
List the prime factors of 18110.
2, 5, 1811
List the prime factors of 546.
2, 3, 7, 13
List the prime factors of 1011.
3, 337
What are the prime factors of 1429?
1429
What are the prime factors of 4493?
4493
What are the prime factors of 5520?
2, 3, 5, 23
List the prime factors of 3501.
3, 389
List the prime factors of 16832.
2, 263
List the prime factors of 86448.
2, 3, 1801
List the prime factors of 22364.
2, 5591
What are the prime factors of 594?
2, 3, 11
List the prime factors of 23686.
2, 13, 911
What are the prime factors of 1791?
3, 199
What are the prime factors of 2502?
2, 3, 139
What are the prime factors of 1239?
3, 7, 59
List the prime factors of 2589.
3, 863
What are the prime factors of 9897?
3, 3299
What are the prime factors of 66801?
3, 7, 3181
What are the prime factors of 1320?
2, 3, 5, 11
What are the prime factors of 8955?
3, 5, 199
What are the prime factors of 1655?
5, 331
List the prime factors of 126.
2, 3, 7
List the prime factors of 601.
601
List the prime factors of 540.
2, 3, 5
What are the prime factors of 653?
653
List the prime factors of 278.
2, 139
What are the prime factors of 20979?
3, 7, 37
List the prime factors of 28660.
2, 5, 1433
List the prime factors of 5064.
2, 3, 211
List the prime factors of 31053.
3, 11, 941
What are the prime factors of 525?
3, 5, 7
List the prime factors of 42826.
2, 7, 19, 23
List the prime factors of 10036.
2, 13, 193
What are the prime factors of 54316?
2, 37, 367
List the prime factors of 8930.
2, 5, 19, 47
What are the prime factors of 197?
197
What are the prime factors of 28083?
3, 11, 23, 37
List the prime factors of 24678.
2, 3, 457
What are the prime factors of 6814?
2, 3407
List the prime factors of 2419.
41, 59
What are the prime factors of 8966?
2, 4483
List the prime factors of 2371.
2371
What are the prime factors of 7486?
2, 19, 197
List the prime factors of 888.
2, 3, 37
List the prime factors of 2763.
3, 307
List the prime factors of 2098.
2, 1049
List the prime factors of 71658.
2, 3, 1327
List the prime factors of 4620.
2, 3, 5, 7, 11
List the prime factors of 27969.
3, 9323
What are the prime factors of 3405?
3, 5, 227
What are the prime factors of 5303?
5303
List the prime factors of 7915.
5, 1583
List the prime factors of 3219.
3, 29, 37
List the prime factors of 13011.
3, 4337
List the prime factors of 61157.
23, 2659
What are the prime factors of 26455?
5, 11, 13, 37
List the prime factors of 25883.
11, 13, 181
What are the prime factors of 45709?
43, 1063
What are the prime factors of 595?
5, 7, 17
List the prime factors of 679.
7, 97
List the prime factors of 6432.
2, 3, 67
What are the prime factors of 41139?
3, 7, 653
What are the prime factors of 11735?
5, 2347
What are the prime factors of 5057?
13, 389
List the prime factors of 1170.
2, 3, 5, 13
List the prime factors of 1287.
3, 11, 13
What are the prime factors of 123442?
2, 11, 31, 181
What are the prime factors of 61521?
3, 20507
List the prime factors of 2400.
2, 3, 5
What are the prime factors of 389?
389
List the prime factors of 10969.
7, 1567
List the prime factors of 996.
2, 3, 83
List the prime factors of 4055.
5, 811
List the prime factors of 547.
547
What are the prime factors of 8310?
2, 3, 5, 277
What are the prime factors of 58949?
11, 23, 233
List the prime factors of 23241.
3, 61, 127
List the prime factors of 35683.
17, 2099
What are the prime factors of 1358?
2, 7, 97
List the prime factors of 206833.
11, 18803
List the prime factors of 297.
3, 11
What are the prime factors of 2295?
3, 5, 17
List the prime factors of 1618.
2, 809
What are the prime factors of 29998?
2, 53, 283
What are the prime factors of 1949?
1949
List the prime factors of 1507.
11, 137
List the prime factors of 5711.
5711
List the prime factors of 98511.
3, 7, 4691
What are the prime factors of 78251?
17, 4603
List the prime factors of 14806.
2, 11, 673
What are the prime factors of 73420?
2, 5, 3671
What are the prime factors of 1106?
2, 7, 79
What are the prime factors of 1041?
3, 347
List the prime factors of 68931.
3, 23, 37
List the prime factors of 1034.
2, 11, 47
List the prime factors of 5304.
2, 3, 13, 17
What are the prime factors of 9949?
9949
What are the prime factors of 5803?
7, 829
List the prime factors of 120714.
2, 3, 11, 31, 59
List the prime factors of 13951.
7, 1993
What are the prime factors of 2720?
2, 5, 17
What are the prime factors of 16038?
2, 3, 11
List the prime factors of 22375.
5, 179
List the prime factors of 75281.
83, 907
What are the prime factors of 2963?
2963
List the prime factors of 19448.
2, 11, 13, 17
List the prime factors of 20141.
11, 1831
List the prime factors of 95432.
2, 79, 151
What are the prime factors of 1593?
3, 59
List the prime factors of 5357.
11, 487
List the prime factors of 637.
7, 13
List the prime factors of 126571.
47, 2693
What are the prime factors of 33416?
2, 4177
What are the prime factors of 8084?
2, 43, 47
List the prime factors of 110706.
2, 3, 18451
List the prime factors of 788.
2, 197
What are the prime factors of 126415?
5, 131, 193
What are the prime factors of 53433?
3, 1979
What are the prime factors of 1613?
1613
What are the prime factors of 5462?
2, 2731
What are the prime factors of 2849?
7, 11, 37
What are the prime factors of 44987?
44987
What are the prime factors of 16398?
2, 3, 911
List the prime factors of 7099.
31, 229
What are the prime factors of 1452?
2, 3, 11
What are the prime factors of 484?
2, 